{"id":52703,"date":"2025-10-28T09:39:40","date_gmt":"2025-10-28T08:39:40","guid":{"rendered":"https:\/\/www.pern.pl\/wp-content\/uploads\/2025\/10\/Komunikat-prasowy-Zakonczenie-inwestycji-w-Debogorzu.pdf"},"modified":"2025-10-28T09:39:40","modified_gmt":"2025-10-28T08:39:40","slug":"komunikat-prasowy-zakonczenie-inwestycji-w-debogorzu-2-2","status":"inherit","type":"attachment","link":"https:\/\/www.pern.pl\/en\/komunikat-prasowy-zakonczenie-inwestycji-w-debogorzu-2-2\/","title":{"rendered":"Komunikat prasowy &#8211; Zakonczenie inwestycji w D\u0119bog\u00f3rzu"},"author":30,"featured_media":0,"comment_status":"","ping_status":"closed","template":"","meta":{"_acf_changed":false,"inline_featured_image":false},"class_list":["post-52703","attachment","type-attachment","status-inherit","hentry"],"acf":[],"yoast_head":"<!-- This site is optimized with the Yoast SEO plugin v26.9 - https:\/\/yoast.com\/product\/yoast-seo-wordpress\/ -->\n<title>Komunikat prasowy - Zakonczenie inwestycji w D\u0119bog\u00f3rzu - PERN<\/title>\n<meta name=\"robots\" content=\"index, follow, max-snippet:-1, max-image-preview:large, max-video-preview:-1\" \/>\n<link rel=\"canonical\" href=\"https:\/\/www.pern.pl\/en\/komunikat-prasowy-zakonczenie-inwestycji-w-debogorzu-2-2\/\" \/>\n<meta property=\"og:locale\" content=\"en_US\" \/>\n<meta property=\"og:type\" content=\"article\" \/>\n<meta property=\"og:title\" content=\"Komunikat prasowy - Zakonczenie inwestycji w D\u0119bog\u00f3rzu - PERN\" \/>\n<meta property=\"og:description\" content=\"Komunikat prasowy - Zakonczenie inwestycji w D\u0119bog\u00f3rzu\" \/>\n<meta property=\"og:url\" content=\"https:\/\/www.pern.pl\/en\/komunikat-prasowy-zakonczenie-inwestycji-w-debogorzu-2-2\/\" \/>\n<meta property=\"og:site_name\" content=\"PERN\" \/>\n<meta name=\"twitter:card\" content=\"summary_large_image\" \/>\n<script type=\"application\/ld+json\" class=\"yoast-schema-graph\">{\"@context\":\"https:\/\/schema.org\",\"@graph\":[{\"@type\":\"WebPage\",\"@id\":\"https:\/\/www.pern.pl\/en\/komunikat-prasowy-zakonczenie-inwestycji-w-debogorzu-2-2\/\",\"url\":\"https:\/\/www.pern.pl\/en\/komunikat-prasowy-zakonczenie-inwestycji-w-debogorzu-2-2\/\",\"name\":\"Komunikat prasowy - Zakonczenie inwestycji w D\u0119bog\u00f3rzu - PERN\",\"isPartOf\":{\"@id\":\"https:\/\/www.pern.pl\/en\/#website\"},\"datePublished\":\"2025-10-28T08:39:40+00:00\",\"breadcrumb\":{\"@id\":\"https:\/\/www.pern.pl\/en\/komunikat-prasowy-zakonczenie-inwestycji-w-debogorzu-2-2\/#breadcrumb\"},\"inLanguage\":\"en-US\",\"potentialAction\":[{\"@type\":\"ReadAction\",\"target\":[\"https:\/\/www.pern.pl\/en\/komunikat-prasowy-zakonczenie-inwestycji-w-debogorzu-2-2\/\"]}]},{\"@type\":\"BreadcrumbList\",\"@id\":\"https:\/\/www.pern.pl\/en\/komunikat-prasowy-zakonczenie-inwestycji-w-debogorzu-2-2\/#breadcrumb\",\"itemListElement\":[{\"@type\":\"ListItem\",\"position\":1,\"name\":\"Home\",\"item\":\"https:\/\/www.pern.pl\/en\/\"},{\"@type\":\"ListItem\",\"position\":2,\"name\":\"Komunikat prasowy &#8211; Zakonczenie inwestycji w D\u0119bog\u00f3rzu\"}]},{\"@type\":\"WebSite\",\"@id\":\"https:\/\/www.pern.pl\/en\/#website\",\"url\":\"https:\/\/www.pern.pl\/en\/\",\"name\":\"PERN\",\"description\":\"\",\"potentialAction\":[{\"@type\":\"SearchAction\",\"target\":{\"@type\":\"EntryPoint\",\"urlTemplate\":\"https:\/\/www.pern.pl\/en\/?s={search_term_string}\"},\"query-input\":{\"@type\":\"PropertyValueSpecification\",\"valueRequired\":true,\"valueName\":\"search_term_string\"}}],\"inLanguage\":\"en-US\"}]}<\/script>\n<!-- \/ Yoast SEO plugin. -->","yoast_head_json":{"title":"Komunikat prasowy - Zakonczenie inwestycji w D\u0119bog\u00f3rzu - PERN","robots":{"index":"index","follow":"follow","max-snippet":"max-snippet:-1","max-image-preview":"max-image-preview:large","max-video-preview":"max-video-preview:-1"},"canonical":"https:\/\/www.pern.pl\/en\/komunikat-prasowy-zakonczenie-inwestycji-w-debogorzu-2-2\/","og_locale":"en_US","og_type":"article","og_title":"Komunikat prasowy - Zakonczenie inwestycji w D\u0119bog\u00f3rzu - PERN","og_description":"Komunikat prasowy - Zakonczenie inwestycji w D\u0119bog\u00f3rzu","og_url":"https:\/\/www.pern.pl\/en\/komunikat-prasowy-zakonczenie-inwestycji-w-debogorzu-2-2\/","og_site_name":"PERN","twitter_card":"summary_large_image","schema":{"@context":"https:\/\/schema.org","@graph":[{"@type":"WebPage","@id":"https:\/\/www.pern.pl\/en\/komunikat-prasowy-zakonczenie-inwestycji-w-debogorzu-2-2\/","url":"https:\/\/www.pern.pl\/en\/komunikat-prasowy-zakonczenie-inwestycji-w-debogorzu-2-2\/","name":"Komunikat prasowy - Zakonczenie inwestycji w D\u0119bog\u00f3rzu - PERN","isPartOf":{"@id":"https:\/\/www.pern.pl\/en\/#website"},"datePublished":"2025-10-28T08:39:40+00:00","breadcrumb":{"@id":"https:\/\/www.pern.pl\/en\/komunikat-prasowy-zakonczenie-inwestycji-w-debogorzu-2-2\/#breadcrumb"},"inLanguage":"en-US","potentialAction":[{"@type":"ReadAction","target":["https:\/\/www.pern.pl\/en\/komunikat-prasowy-zakonczenie-inwestycji-w-debogorzu-2-2\/"]}]},{"@type":"BreadcrumbList","@id":"https:\/\/www.pern.pl\/en\/komunikat-prasowy-zakonczenie-inwestycji-w-debogorzu-2-2\/#breadcrumb","itemListElement":[{"@type":"ListItem","position":1,"name":"Home","item":"https:\/\/www.pern.pl\/en\/"},{"@type":"ListItem","position":2,"name":"Komunikat prasowy &#8211; Zakonczenie inwestycji w D\u0119bog\u00f3rzu"}]},{"@type":"WebSite","@id":"https:\/\/www.pern.pl\/en\/#website","url":"https:\/\/www.pern.pl\/en\/","name":"PERN","description":"","potentialAction":[{"@type":"SearchAction","target":{"@type":"EntryPoint","urlTemplate":"https:\/\/www.pern.pl\/en\/?s={search_term_string}"},"query-input":{"@type":"PropertyValueSpecification","valueRequired":true,"valueName":"search_term_string"}}],"inLanguage":"en-US"}]}},"description":{"rendered":"<p class=\"attachment\"><a href='https:\/\/www.pern.pl\/wp-content\/uploads\/2025\/10\/Komunikat-prasowy-Zakonczenie-inwestycji-w-Debogorzu.pdf'>Komunikat prasowy - Zakonczenie inwestycji w D\u0119bog\u00f3rzu<\/a><\/p>\n"},"caption":{"rendered":"<p>Komunikat prasowy &#8211; Zakonczenie inwestycji w D\u0119bog\u00f3rzu<\/p>\n"},"alt_text":"","media_type":"file","mime_type":"application\/pdf","media_details":{"filesize":114156,"sizes":{}},"post":null,"source_url":"https:\/\/www.pern.pl\/wp-content\/uploads\/2025\/10\/Komunikat-prasowy-Zakonczenie-inwestycji-w-Debogorzu.pdf","_links":{"self":[{"href":"https:\/\/www.pern.pl\/en\/wp-json\/wp\/v2\/media\/52703","targetHints":{"allow":["GET"]}}],"collection":[{"href":"https:\/\/www.pern.pl\/en\/wp-json\/wp\/v2\/media"}],"about":[{"href":"https:\/\/www.pern.pl\/en\/wp-json\/wp\/v2\/types\/attachment"}],"author":[{"embeddable":true,"href":"https:\/\/www.pern.pl\/en\/wp-json\/wp\/v2\/users\/30"}],"replies":[{"embeddable":true,"href":"https:\/\/www.pern.pl\/en\/wp-json\/wp\/v2\/comments?post=52703"}]}}

Komunikat prasowy &#8211; Zakonczenie inwestycji w Dębogórzu

<!-- This site is optimized with the Yoast SEO plugin v26.9 - https://yoast.com/product/yoast-seo-wordpress/ -->
<title>Komunikat prasowy - Zakonczenie inwestycji w Dębogórzu - PERN</title>
<meta name="robots" content="index, follow, max-snippet:-1, max-image-preview:large, max-video-preview:-1" />
<link rel="canonical" href="https://www.pern.pl/en/komunikat-prasowy-zakonczenie-inwestycji-w-debogorzu-2-2/" />
<meta property="og:locale" content="en_US" />
<meta property="og:type" content="article" />
<meta property="og:title" content="Komunikat prasowy - Zakonczenie inwestycji w Dębogórzu - PERN" />
<meta property="og:description" content="Komunikat prasowy - Zakonczenie inwestycji w Dębogórzu" />
<meta property="og:url" content="https://www.pern.pl/en/komunikat-prasowy-zakonczenie-inwestycji-w-debogorzu-2-2/" />
<meta property="og:site_name" content="PERN" />
<meta name="twitter:card" content="summary_large_image" />
<script type="application/ld+json" class="yoast-schema-graph">{"@context":"https://schema.org","@graph":[{"@type":"WebPage","@id":"https://www.pern.pl/en/komunikat-prasowy-zakonczenie-inwestycji-w-debogorzu-2-2/","url":"https://www.pern.pl/en/komunikat-prasowy-zakonczenie-inwestycji-w-debogorzu-2-2/","name":"Komunikat prasowy - Zakonczenie inwestycji w Dębogórzu - PERN","isPartOf":{"@id":"https://www.pern.pl/en/#website"},"datePublished":"2025-10-28T08:39:40+00:00","breadcrumb":{"@id":"https://www.pern.pl/en/komunikat-prasowy-zakonczenie-inwestycji-w-debogorzu-2-2/#breadcrumb"},"inLanguage":"en-US","potentialAction":[{"@type":"ReadAction","target":["https://www.pern.pl/en/komunikat-prasowy-zakonczenie-inwestycji-w-debogorzu-2-2/"]}]},{"@type":"BreadcrumbList","@id":"https://www.pern.pl/en/komunikat-prasowy-zakonczenie-inwestycji-w-debogorzu-2-2/#breadcrumb","itemListElement":[{"@type":"ListItem","position":1,"name":"Home","item":"https://www.pern.pl/en/"},{"@type":"ListItem","position":2,"name":"Komunikat prasowy &#8211; Zakonczenie inwestycji w Dębogórzu"}]},{"@type":"WebSite","@id":"https://www.pern.pl/en/#website","url":"https://www.pern.pl/en/","name":"PERN","description":"","potentialAction":[{"@type":"SearchAction","target":{"@type":"EntryPoint","urlTemplate":"https://www.pern.pl/en/?s={search_term_string}"},"query-input":{"@type":"PropertyValueSpecification","valueRequired":true,"valueName":"search_term_string"}}],"inLanguage":"en-US"}]}</script>
<!-- / Yoast SEO plugin. -->

Komunikat prasowy - Zakonczenie inwestycji w Dębogórzu - PERN

Komunikat prasowy - Zakonczenie inwestycji w Dębogórzu

<p class="attachment"><a href='https://www.pern.pl/wp-content/uploads/2025/10/Komunikat-prasowy-Zakonczenie-inwestycji-w-Debogorzu.pdf'>Komunikat prasowy - Zakonczenie inwestycji w Dębogórzu</a></p>

<p>Komunikat prasowy &#8211; Zakonczenie inwestycji w Dębogórzu</p>
