{"id":47329,"date":"2023-03-29T14:44:24","date_gmt":"2023-03-29T12:44:24","guid":{"rendered":"https:\/\/www.pern.pl\/wp-content\/uploads\/2023\/03\/Ogloszenie-dotyczace-przeprowadzenia-postepowania-kwalifikacyjnego-na-Czlonka-Zarzadu-Prezesa-Zarzadu-Spolki-Naftoserwis-Sp.-z-o.o.-z-siedziba-w-Warszawie.pdf"},"modified":"2023-03-29T14:44:24","modified_gmt":"2023-03-29T12:44:24","slug":"ogloszenie-dotyczace-przeprowadzenia-postepowania-kwalifikacyjnego-na-czlonka-zarzadu-prezesa-zarzadu-spolki-naftoserwis-sp-z-o-o-z-siedziba-w-warszawie-2","status":"inherit","type":"attachment","link":"https:\/\/www.pern.pl\/en\/ogloszenie-dotyczace-przeprowadzenia-postepowania-kwalifikacyjnego-na-czlonka-zarzadu-prezesa-zarzadu-spolki-naftoserwis-sp-z-o-o-z-siedziba-w-warszawie-2\/","title":{"rendered":"Og\u0142oszenie dotycz\u0105ce przeprowadzenia post\u0119powania kwalifikacyjnego na Cz\u0142onka Zarz\u0105du &#8211; Prezesa Zarz\u0105du Sp\u00f3\u0142ki Naftoserwis Sp. z o.o. z siedzib\u0105 w Warszawie"},"author":18,"featured_media":0,"comment_status":"","ping_status":"closed","template":"","meta":{"_acf_changed":false,"inline_featured_image":false},"class_list":["post-47329","attachment","type-attachment","status-inherit","hentry"],"acf":[],"yoast_head":"<!-- This site is optimized with the Yoast SEO plugin v26.9 - https:\/\/yoast.com\/product\/yoast-seo-wordpress\/ -->\n<title>Og\u0142oszenie dotycz\u0105ce przeprowadzenia post\u0119powania kwalifikacyjnego na Cz\u0142onka Zarz\u0105du - Prezesa Zarz\u0105du Sp\u00f3\u0142ki Naftoserwis Sp. z o.o. z siedzib\u0105 w Warszawie - PERN<\/title>\n<meta name=\"robots\" content=\"index, follow, max-snippet:-1, max-image-preview:large, max-video-preview:-1\" \/>\n<link rel=\"canonical\" href=\"https:\/\/www.pern.pl\/en\/ogloszenie-dotyczace-przeprowadzenia-postepowania-kwalifikacyjnego-na-czlonka-zarzadu-prezesa-zarzadu-spolki-naftoserwis-sp-z-o-o-z-siedziba-w-warszawie-2\/\" \/>\n<meta property=\"og:locale\" content=\"en_US\" \/>\n<meta property=\"og:type\" content=\"article\" \/>\n<meta property=\"og:title\" content=\"Og\u0142oszenie dotycz\u0105ce przeprowadzenia post\u0119powania kwalifikacyjnego na Cz\u0142onka Zarz\u0105du - Prezesa Zarz\u0105du Sp\u00f3\u0142ki Naftoserwis Sp. z o.o. z siedzib\u0105 w Warszawie - PERN\" \/>\n<meta property=\"og:description\" content=\"Og\u0142oszenie dotycz\u0105ce przeprowadzenia post\u0119powania kwalifikacyjnego na Cz\u0142onka Zarz\u0105du - Prezesa Zarz\u0105du Sp\u00f3\u0142ki Naftoserwis Sp. z o.o. z siedzib\u0105 w Warszawie\" \/>\n<meta property=\"og:url\" content=\"https:\/\/www.pern.pl\/en\/ogloszenie-dotyczace-przeprowadzenia-postepowania-kwalifikacyjnego-na-czlonka-zarzadu-prezesa-zarzadu-spolki-naftoserwis-sp-z-o-o-z-siedziba-w-warszawie-2\/\" \/>\n<meta property=\"og:site_name\" content=\"PERN\" \/>\n<meta name=\"twitter:card\" content=\"summary_large_image\" \/>\n<script type=\"application\/ld+json\" class=\"yoast-schema-graph\">{\"@context\":\"https:\/\/schema.org\",\"@graph\":[{\"@type\":\"WebPage\",\"@id\":\"https:\/\/www.pern.pl\/en\/ogloszenie-dotyczace-przeprowadzenia-postepowania-kwalifikacyjnego-na-czlonka-zarzadu-prezesa-zarzadu-spolki-naftoserwis-sp-z-o-o-z-siedziba-w-warszawie-2\/\",\"url\":\"https:\/\/www.pern.pl\/en\/ogloszenie-dotyczace-przeprowadzenia-postepowania-kwalifikacyjnego-na-czlonka-zarzadu-prezesa-zarzadu-spolki-naftoserwis-sp-z-o-o-z-siedziba-w-warszawie-2\/\",\"name\":\"Og\u0142oszenie dotycz\u0105ce przeprowadzenia post\u0119powania kwalifikacyjnego na Cz\u0142onka Zarz\u0105du - Prezesa Zarz\u0105du Sp\u00f3\u0142ki Naftoserwis Sp. z o.o. z siedzib\u0105 w Warszawie - PERN\",\"isPartOf\":{\"@id\":\"https:\/\/www.pern.pl\/en\/#website\"},\"datePublished\":\"2023-03-29T12:44:24+00:00\",\"breadcrumb\":{\"@id\":\"https:\/\/www.pern.pl\/en\/ogloszenie-dotyczace-przeprowadzenia-postepowania-kwalifikacyjnego-na-czlonka-zarzadu-prezesa-zarzadu-spolki-naftoserwis-sp-z-o-o-z-siedziba-w-warszawie-2\/#breadcrumb\"},\"inLanguage\":\"en-US\",\"potentialAction\":[{\"@type\":\"ReadAction\",\"target\":[\"https:\/\/www.pern.pl\/en\/ogloszenie-dotyczace-przeprowadzenia-postepowania-kwalifikacyjnego-na-czlonka-zarzadu-prezesa-zarzadu-spolki-naftoserwis-sp-z-o-o-z-siedziba-w-warszawie-2\/\"]}]},{\"@type\":\"BreadcrumbList\",\"@id\":\"https:\/\/www.pern.pl\/en\/ogloszenie-dotyczace-przeprowadzenia-postepowania-kwalifikacyjnego-na-czlonka-zarzadu-prezesa-zarzadu-spolki-naftoserwis-sp-z-o-o-z-siedziba-w-warszawie-2\/#breadcrumb\",\"itemListElement\":[{\"@type\":\"ListItem\",\"position\":1,\"name\":\"Home\",\"item\":\"https:\/\/www.pern.pl\/en\/\"},{\"@type\":\"ListItem\",\"position\":2,\"name\":\"Og\u0142oszenie dotycz\u0105ce przeprowadzenia post\u0119powania kwalifikacyjnego na Cz\u0142onka Zarz\u0105du &#8211; Prezesa Zarz\u0105du Sp\u00f3\u0142ki Naftoserwis Sp. z o.o. z siedzib\u0105 w Warszawie\"}]},{\"@type\":\"WebSite\",\"@id\":\"https:\/\/www.pern.pl\/en\/#website\",\"url\":\"https:\/\/www.pern.pl\/en\/\",\"name\":\"PERN\",\"description\":\"\",\"potentialAction\":[{\"@type\":\"SearchAction\",\"target\":{\"@type\":\"EntryPoint\",\"urlTemplate\":\"https:\/\/www.pern.pl\/en\/?s={search_term_string}\"},\"query-input\":{\"@type\":\"PropertyValueSpecification\",\"valueRequired\":true,\"valueName\":\"search_term_string\"}}],\"inLanguage\":\"en-US\"}]}<\/script>\n<!-- \/ Yoast SEO plugin. -->","yoast_head_json":{"title":"Og\u0142oszenie dotycz\u0105ce przeprowadzenia post\u0119powania kwalifikacyjnego na Cz\u0142onka Zarz\u0105du - Prezesa Zarz\u0105du Sp\u00f3\u0142ki Naftoserwis Sp. z o.o. z siedzib\u0105 w Warszawie - PERN","robots":{"index":"index","follow":"follow","max-snippet":"max-snippet:-1","max-image-preview":"max-image-preview:large","max-video-preview":"max-video-preview:-1"},"canonical":"https:\/\/www.pern.pl\/en\/ogloszenie-dotyczace-przeprowadzenia-postepowania-kwalifikacyjnego-na-czlonka-zarzadu-prezesa-zarzadu-spolki-naftoserwis-sp-z-o-o-z-siedziba-w-warszawie-2\/","og_locale":"en_US","og_type":"article","og_title":"Og\u0142oszenie dotycz\u0105ce przeprowadzenia post\u0119powania kwalifikacyjnego na Cz\u0142onka Zarz\u0105du - Prezesa Zarz\u0105du Sp\u00f3\u0142ki Naftoserwis Sp. z o.o. z siedzib\u0105 w Warszawie - PERN","og_description":"Og\u0142oszenie dotycz\u0105ce przeprowadzenia post\u0119powania kwalifikacyjnego na Cz\u0142onka Zarz\u0105du - Prezesa Zarz\u0105du Sp\u00f3\u0142ki Naftoserwis Sp. z o.o. z siedzib\u0105 w Warszawie","og_url":"https:\/\/www.pern.pl\/en\/ogloszenie-dotyczace-przeprowadzenia-postepowania-kwalifikacyjnego-na-czlonka-zarzadu-prezesa-zarzadu-spolki-naftoserwis-sp-z-o-o-z-siedziba-w-warszawie-2\/","og_site_name":"PERN","twitter_card":"summary_large_image","schema":{"@context":"https:\/\/schema.org","@graph":[{"@type":"WebPage","@id":"https:\/\/www.pern.pl\/en\/ogloszenie-dotyczace-przeprowadzenia-postepowania-kwalifikacyjnego-na-czlonka-zarzadu-prezesa-zarzadu-spolki-naftoserwis-sp-z-o-o-z-siedziba-w-warszawie-2\/","url":"https:\/\/www.pern.pl\/en\/ogloszenie-dotyczace-przeprowadzenia-postepowania-kwalifikacyjnego-na-czlonka-zarzadu-prezesa-zarzadu-spolki-naftoserwis-sp-z-o-o-z-siedziba-w-warszawie-2\/","name":"Og\u0142oszenie dotycz\u0105ce przeprowadzenia post\u0119powania kwalifikacyjnego na Cz\u0142onka Zarz\u0105du - Prezesa Zarz\u0105du Sp\u00f3\u0142ki Naftoserwis Sp. z o.o. z siedzib\u0105 w Warszawie - PERN","isPartOf":{"@id":"https:\/\/www.pern.pl\/en\/#website"},"datePublished":"2023-03-29T12:44:24+00:00","breadcrumb":{"@id":"https:\/\/www.pern.pl\/en\/ogloszenie-dotyczace-przeprowadzenia-postepowania-kwalifikacyjnego-na-czlonka-zarzadu-prezesa-zarzadu-spolki-naftoserwis-sp-z-o-o-z-siedziba-w-warszawie-2\/#breadcrumb"},"inLanguage":"en-US","potentialAction":[{"@type":"ReadAction","target":["https:\/\/www.pern.pl\/en\/ogloszenie-dotyczace-przeprowadzenia-postepowania-kwalifikacyjnego-na-czlonka-zarzadu-prezesa-zarzadu-spolki-naftoserwis-sp-z-o-o-z-siedziba-w-warszawie-2\/"]}]},{"@type":"BreadcrumbList","@id":"https:\/\/www.pern.pl\/en\/ogloszenie-dotyczace-przeprowadzenia-postepowania-kwalifikacyjnego-na-czlonka-zarzadu-prezesa-zarzadu-spolki-naftoserwis-sp-z-o-o-z-siedziba-w-warszawie-2\/#breadcrumb","itemListElement":[{"@type":"ListItem","position":1,"name":"Home","item":"https:\/\/www.pern.pl\/en\/"},{"@type":"ListItem","position":2,"name":"Og\u0142oszenie dotycz\u0105ce przeprowadzenia post\u0119powania kwalifikacyjnego na Cz\u0142onka Zarz\u0105du &#8211; Prezesa Zarz\u0105du Sp\u00f3\u0142ki Naftoserwis Sp. z o.o. z siedzib\u0105 w Warszawie"}]},{"@type":"WebSite","@id":"https:\/\/www.pern.pl\/en\/#website","url":"https:\/\/www.pern.pl\/en\/","name":"PERN","description":"","potentialAction":[{"@type":"SearchAction","target":{"@type":"EntryPoint","urlTemplate":"https:\/\/www.pern.pl\/en\/?s={search_term_string}"},"query-input":{"@type":"PropertyValueSpecification","valueRequired":true,"valueName":"search_term_string"}}],"inLanguage":"en-US"}]}},"description":{"rendered":"<p class=\"attachment\"><a href='https:\/\/www.pern.pl\/wp-content\/uploads\/2023\/03\/Ogloszenie-dotyczace-przeprowadzenia-postepowania-kwalifikacyjnego-na-Czlonka-Zarzadu-Prezesa-Zarzadu-Spolki-Naftoserwis-Sp.-z-o.o.-z-siedziba-w-Warszawie.pdf'>Og\u0142oszenie dotycz\u0105ce przeprowadzenia post\u0119powania kwalifikacyjnego na Cz\u0142onka Zarz\u0105du - Prezesa Zarz\u0105du Sp\u00f3\u0142ki Naftoserwis Sp. z o.o. z siedzib\u0105 w Warszawie<\/a><\/p>\n"},"caption":{"rendered":"<p>Og\u0142oszenie dotycz\u0105ce przeprowadzenia post\u0119powania kwalifikacyjnego na Cz\u0142onka Zarz\u0105du &#8211; Prezesa Zarz\u0105du Sp\u00f3\u0142ki Naftoserwis Sp. z o.o. z siedzib\u0105 w Warszawie<\/p>\n"},"alt_text":"","media_type":"file","mime_type":"application\/pdf","media_details":{"filesize":527302,"sizes":{}},"post":null,"source_url":"https:\/\/www.pern.pl\/wp-content\/uploads\/2023\/03\/Ogloszenie-dotyczace-przeprowadzenia-postepowania-kwalifikacyjnego-na-Czlonka-Zarzadu-Prezesa-Zarzadu-Spolki-Naftoserwis-Sp.-z-o.o.-z-siedziba-w-Warszawie.pdf","_links":{"self":[{"href":"https:\/\/www.pern.pl\/en\/wp-json\/wp\/v2\/media\/47329","targetHints":{"allow":["GET"]}}],"collection":[{"href":"https:\/\/www.pern.pl\/en\/wp-json\/wp\/v2\/media"}],"about":[{"href":"https:\/\/www.pern.pl\/en\/wp-json\/wp\/v2\/types\/attachment"}],"author":[{"embeddable":true,"href":"https:\/\/www.pern.pl\/en\/wp-json\/wp\/v2\/users\/18"}],"replies":[{"embeddable":true,"href":"https:\/\/www.pern.pl\/en\/wp-json\/wp\/v2\/comments?post=47329"}]}}

Ogłoszenie dotyczące przeprowadzenia postępowania kwalifikacyjnego na Członka Zarządu &#8211; Prezesa Zarządu Spółki Naftoserwis Sp. z o.o. z siedzibą w Warszawie

<!-- This site is optimized with the Yoast SEO plugin v26.9 - https://yoast.com/product/yoast-seo-wordpress/ -->
<title>Ogłoszenie dotyczące przeprowadzenia postępowania kwalifikacyjnego na Członka Zarządu - Prezesa Zarządu Spółki Naftoserwis Sp. z o.o. z siedzibą w Warszawie - PERN</title>
<meta name="robots" content="index, follow, max-snippet:-1, max-image-preview:large, max-video-preview:-1" />
<link rel="canonical" href="https://www.pern.pl/en/ogloszenie-dotyczace-przeprowadzenia-postepowania-kwalifikacyjnego-na-czlonka-zarzadu-prezesa-zarzadu-spolki-naftoserwis-sp-z-o-o-z-siedziba-w-warszawie-2/" />
<meta property="og:locale" content="en_US" />
<meta property="og:type" content="article" />
<meta property="og:title" content="Ogłoszenie dotyczące przeprowadzenia postępowania kwalifikacyjnego na Członka Zarządu - Prezesa Zarządu Spółki Naftoserwis Sp. z o.o. z siedzibą w Warszawie - PERN" />
<meta property="og:description" content="Ogłoszenie dotyczące przeprowadzenia postępowania kwalifikacyjnego na Członka Zarządu - Prezesa Zarządu Spółki Naftoserwis Sp. z o.o. z siedzibą w Warszawie" />
<meta property="og:url" content="https://www.pern.pl/en/ogloszenie-dotyczace-przeprowadzenia-postepowania-kwalifikacyjnego-na-czlonka-zarzadu-prezesa-zarzadu-spolki-naftoserwis-sp-z-o-o-z-siedziba-w-warszawie-2/" />
<meta property="og:site_name" content="PERN" />
<meta name="twitter:card" content="summary_large_image" />
<script type="application/ld+json" class="yoast-schema-graph">{"@context":"https://schema.org","@graph":[{"@type":"WebPage","@id":"https://www.pern.pl/en/ogloszenie-dotyczace-przeprowadzenia-postepowania-kwalifikacyjnego-na-czlonka-zarzadu-prezesa-zarzadu-spolki-naftoserwis-sp-z-o-o-z-siedziba-w-warszawie-2/","url":"https://www.pern.pl/en/ogloszenie-dotyczace-przeprowadzenia-postepowania-kwalifikacyjnego-na-czlonka-zarzadu-prezesa-zarzadu-spolki-naftoserwis-sp-z-o-o-z-siedziba-w-warszawie-2/","name":"Ogłoszenie dotyczące przeprowadzenia postępowania kwalifikacyjnego na Członka Zarządu - Prezesa Zarządu Spółki Naftoserwis Sp. z o.o. z siedzibą w Warszawie - PERN","isPartOf":{"@id":"https://www.pern.pl/en/#website"},"datePublished":"2023-03-29T12:44:24+00:00","breadcrumb":{"@id":"https://www.pern.pl/en/ogloszenie-dotyczace-przeprowadzenia-postepowania-kwalifikacyjnego-na-czlonka-zarzadu-prezesa-zarzadu-spolki-naftoserwis-sp-z-o-o-z-siedziba-w-warszawie-2/#breadcrumb"},"inLanguage":"en-US","potentialAction":[{"@type":"ReadAction","target":["https://www.pern.pl/en/ogloszenie-dotyczace-przeprowadzenia-postepowania-kwalifikacyjnego-na-czlonka-zarzadu-prezesa-zarzadu-spolki-naftoserwis-sp-z-o-o-z-siedziba-w-warszawie-2/"]}]},{"@type":"BreadcrumbList","@id":"https://www.pern.pl/en/ogloszenie-dotyczace-przeprowadzenia-postepowania-kwalifikacyjnego-na-czlonka-zarzadu-prezesa-zarzadu-spolki-naftoserwis-sp-z-o-o-z-siedziba-w-warszawie-2/#breadcrumb","itemListElement":[{"@type":"ListItem","position":1,"name":"Home","item":"https://www.pern.pl/en/"},{"@type":"ListItem","position":2,"name":"Ogłoszenie dotyczące przeprowadzenia postępowania kwalifikacyjnego na Członka Zarządu &#8211; Prezesa Zarządu Spółki Naftoserwis Sp. z o.o. z siedzibą w Warszawie"}]},{"@type":"WebSite","@id":"https://www.pern.pl/en/#website","url":"https://www.pern.pl/en/","name":"PERN","description":"","potentialAction":[{"@type":"SearchAction","target":{"@type":"EntryPoint","urlTemplate":"https://www.pern.pl/en/?s={search_term_string}"},"query-input":{"@type":"PropertyValueSpecification","valueRequired":true,"valueName":"search_term_string"}}],"inLanguage":"en-US"}]}</script>
<!-- / Yoast SEO plugin. -->

Ogłoszenie dotyczące przeprowadzenia postępowania kwalifikacyjnego na Członka Zarządu - Prezesa Zarządu Spółki Naftoserwis Sp. z o.o. z siedzibą w Warszawie - PERN

Ogłoszenie dotyczące przeprowadzenia postępowania kwalifikacyjnego na Członka Zarządu - Prezesa Zarządu Spółki Naftoserwis Sp. z o.o. z siedzibą w Warszawie

<p class="attachment"><a href='https://www.pern.pl/wp-content/uploads/2023/03/Ogloszenie-dotyczace-przeprowadzenia-postepowania-kwalifikacyjnego-na-Czlonka-Zarzadu-Prezesa-Zarzadu-Spolki-Naftoserwis-Sp.-z-o.o.-z-siedziba-w-Warszawie.pdf'>Ogłoszenie dotyczące przeprowadzenia postępowania kwalifikacyjnego na Członka Zarządu - Prezesa Zarządu Spółki Naftoserwis Sp. z o.o. z siedzibą w Warszawie</a></p>

<p>Ogłoszenie dotyczące przeprowadzenia postępowania kwalifikacyjnego na Członka Zarządu &#8211; Prezesa Zarządu Spółki Naftoserwis Sp. z o.o. z siedzibą w Warszawie</p>
